 of 15106 and 23114.
182
What is the highest common divisor of 13272 and 840?
168
What is the highest common divisor of 87269 and 822?
137
What is the highest common divisor of 592590 and 30?
30
What is the highest common divisor of 216 and 8748?
108
Calculate the greatest common divisor of 72 and 78552.
72
Calculate the highest common factor of 94075 and 30175.
1775
What is the highest common factor of 50 and 446975?
25
Calculate the greatest common factor of 1276 and 34133.
319
What is the highest common divisor of 116610 and 30?
30
Calculate the highest common divisor of 287 and 12754.
7
What is the greatest common factor of 12 and 12592?
4
Calculate the highest common divisor of 104 and 7787.
13
What is the greatest common divisor of 47718 and 99?
99
What is the greatest common divisor of 379542 and 12?
6
What is the highest common divisor of 14033458 and 274?
274
What is the greatest common divisor of 48363 and 11662?
343
Calculate the greatest common divisor of 68776 and 24.
8
What is the highest common divisor of 124336 and 76?
76
What is the greatest common divisor of 112 and 2506728?
56
Calculate the highest common divisor of 162 and 29538.
54
What is the greatest common factor of 154401 and 78?
39
What is the greatest common divisor of 360 and 72810?
90
What is the highest common divisor of 22 and 682?
22
Calculate the greatest common factor of 610 and 2020.
10
What is the highest common divisor of 8 and 4216?
8
Calculate the greatest common factor of 1844 and 10440.
4
What is the highest common divisor of 119 and 5732587?
119
Calculate the highest common divisor of 1323608 and 13.
13
Calculate the greatest common factor of 863 and 7295802.
863
What is the highest common factor of 250 and 90?
10
What is the highest common factor of 323768 and 8?
8
What is the greatest common divisor of 462 and 2376?
66
What is the greatest common factor of 5520 and 690?
690
What is the highest common divisor of 37295 and 5?
5
Calculate the highest common divisor of 23 and 1880687.
23
What is the highest common factor of 1689 and 85013?
563
Calculate the highest common divisor of 2535 and 3765.
15
What is the highest common factor of 298287 and 29475?
1179
Calculate the highest common factor of 1032724 and 4311.
479
What is the highest common factor of 690 and 54970?
230
What is the greatest common factor of 5390 and 14406?
98
Calculate the greatest common divisor of 1843481 and 1929.
643
Calculate the greatest common divisor of 6 and 435858.
6
What is the greatest common factor of 28308 and 24?
12
What is the highest common factor of 126549 and 1591?
43
Calculate the highest common factor of 3409 and 133.
7
What is the greatest common divisor of 1836863 and 76?
19
Calculate the highest common factor of 1994 and 8.
2
What is the highest common divisor of 49560 and 7?
7
What is the highest common divisor of 127035 and 135?
135
What is the highest common factor of 44384 and 209?
19
What is the greatest common divisor of 702 and 326538?
54
Calculate the highest common factor of 8 and 15016.
8
Calculate the greatest common divisor of 1698 and 96.
6
What is the highest common divisor of 58736 and 16?
16
What is the greatest common factor of 350 and 45038?
14
What is the greatest common factor of 2106 and 810?
162
What is the highest common factor of 487 and 5613649?
487
Calculate the highest common factor of 441 and 1019907.
63
Calculate the highest common divisor of 30953 and 130.
13
What is the greatest common factor of 15742 and 5950?
34
What is the greatest common factor of 88335 and 15?
15
What is the highest common divisor of 29762 and 92?
46
Calculate the highest common factor of 228 and 2911674.
114
Calculate the greatest common divisor of 792 and 250200.
72
What is the highest common factor of 191719 and 638?
319
What is the greatest common divisor of 2950 and 41725?
25
Calculate the highest common divisor of 30 and 6250.
10
Calculate the greatest common divisor of 17 and 383027.
17
Calculate the greatest common divisor of 22 and 6369.
11
Calculate the highest common divisor of 29726 and 59630.
178
What is the highest common divisor of 8 and 9783848?
8
What is the greatest common factor of 267411 and 3?
3
Calculate the greatest common factor of 330 and 124730.
10
Calculate the greatest common divisor of 30200 and 208.
8
What is the greatest common divisor of 6050 and 433950?
550
What is the greatest common factor of 284560 and 80?
80
Calculate the greatest common divisor of 169403 and 314.
157
Calculate the highest common divisor of 1323 and 2889.
27
Calculate the greatest common divisor of 2669 and 55421.
157
What is the highest common factor of 4236 and 7356?
12
What is the greatest common factor of 483 and 86079?
21
What is the greatest common factor of 2919 and 3344201?
973
What is the highest common factor of 153020 and 40?
20
Calculate the highest common divisor of 400 and 99700.
100
What is the greatest common factor of 26028 and 81699?
723
What is the greatest common divisor of 4120 and 48?
8
Calculate the greatest common divisor of 85899 and 1644.
411
Calculate the greatest common divisor of 464 and 1155592.
232
Calculate the greatest common factor of 843 and 101441.
281
Calculate the highest common divisor of 78489 and 8075.
323
What is the greatest common factor of 1 and 737?
1
What is the highest common divisor of 128 and 2264?
8
Calculate the greatest common divisor of 1655 and 12010.
5
Calculate the greatest common factor of 246260 and 140.
140
What is the greatest common factor of 8841 and 8400?
21
What is the highest common divisor of 3877130 and 545?
545
What is the highest common factor of 977210 and 78?
26
What is the greatest common factor of 198624 and 384?
96
What is the greatest common divisor of 405 and 95625?
45
What is the greatest common divisor of 1011927 and 105?
21
What is the greatest common factor of 27 and 157329?
27
What is the greatest common divisor of 1407 and 394362?
201
What is the greatest common factor of 172480 and 1463?
77
What is the greatest common factor of 78 and 21342?
6
Calculate the highest common divisor of 42024 and 76704.
408
What is the greatest common divisor of 702 and 546?
78
Calculate the greatest common factor of 62824 and 8.
8
Calculate the highest common factor of 346 and 149299.
173
Calculate the greatest common divisor of 17045 and 1190.
35
Calculate the highest common divisor of 10 and 6830.
10
Calculate the highest common divisor of 621 and 1354125.
69
What is the greatest common factor of 425 and 192950?
425
What is the greatest common factor of 1302 and 630602?
434
Calculate the greatest common factor of 625795 and 1799.
257
Calculate the highest common factor of 335 and 12127.
67
Calculate the highest common divisor of 7256 and 144.
8
Calculate the highest common factor of 530 and 1270.
10
Calculate the highest common factor of 63570 and 147515.
815
Calculate the highest common factor of 144 and 18276.
12
What is the greatest common factor of 38 and 252814?
38
What is the highest common divisor of 41 and 7541991?
41
What is the greatest common divisor of 4785 and 4640?
145
Calculate the greatest common factor of 100625 and 69.
23
Calculate the highest common factor of 6 and 4174.
2
Calculate the highest common factor of 2652 and 528.
12
What is the highest common factor of 2436 and 406?
406
Calculate the greatest common divisor of 8528 and 35711.
533
What is the greatest common divisor of 1956 and 156?
12
What is the highest common factor of 20066 and 2449?
79
What is the greatest common divisor of 71078 and 14?
14
What is the highest common factor of 6837 and 344?
43
Calculate the greatest common divisor of 203981 and 259.
37
Calculate the greatest common divisor of 2821 and 3523.
13
Calculate the highest common factor of 162 and 222858.
54
What is the greatest common factor of 14707 and 187?
11
What is the greatest common divisor of 209490 and 24?
6
What is the greatest common factor of 13505 and 803?
73
What is the greatest common divisor of 7734 and 1446?
6
Calculate the highest common divisor of 141 and 47141.
47
What is the highest common factor of 60 and 11676?
12
What is the highest common divisor of 1654998 and 2712?
678
What is the highest common factor of 72 and 19